mmon divisor of 20 and h?
20
Suppose 6 = -2*m + m. Let y = -7 - m. Let k(d) = -9*d**3 - d**2 + 1. Let n be k(y). What is the highest common factor of n and 81?
9
Let h be (-3)/4 + ((-94)/(-8) - 4). Let m(q) = -q**2 - 14*q - 32. Let n be m(-11). Calculate the greatest common divisor of n and h.
1
Let m be (3 - 18)/(-3)*-1. Let b = m + 23. Calculate the greatest common divisor of b and 9.
9
Let r = 141 + -72. Suppose 6*b - 3*b + r = 0. Let v = -17 - b. What is the greatest common divisor of 6 and v?
6
Let b be 0*(1 + -3)/2. Suppose -3*a - 243 = -5*t, -98 = -2*t - b*t + 2*a. Let y = -5144 - -5150. Calculate the greatest common divisor of y and t.
6
Suppose 3*i - 12 = 4*q + 32, -15 = 3*q. What is the highest common divisor of i and 40?
8
Let x(y) = y**3 - 3*y**2 + 2*y. Let n be x(3). Let k(q) = -q**2 + 6*q - 3. Let i be k(3). What is the greatest common divisor of i and n?
6
Let y(w) = -10*w - 68. Let u be y(-7). What is the greatest common divisor of 142 and u?
2
Let d = 56 + -40. Suppose -k + 0*k + d = -4*n, -4*k + 49 = -n. Calculate the greatest common divisor of k and 3.
3
Suppose 5*a = t + 217, 3*a - 8*a = -3*t - 211. Suppose 3*s + 4 = 4*y + 3, -10 = -2*s. What is the highest common divisor of y and a?
4
Let n = 899 - 601. Suppose 0 = 6*z - n + 88. What is the highest common factor of 7 and z?
7
Let l(q) = -18*q + 145. Let y be l(5). Calculate the highest common divisor of y and 35.
5
Suppose 5*o + 288 = 3*w, -4*w + 3*o + 215 + 158 = 0. What is the highest common divisor of w and 104?
13
Suppose 3*a + 127 - 1 = 2*f, -5*a = f - 50. Let b be (f/8)/((-6)/(-40)). Calculate the highest common divisor of b and 50.
50
Suppose 0 = p + p - 202. Let a = p + 39. What is the highest common divisor of 20 and a?
20
Let a(b) = -b**2 - 12*b - 12. Let u(n) = 2*n**2 + 24*n + 24. Let o(j) = -11*a(j) - 6*u(j). Let i be o(-9). Calculate the greatest common factor of i and 3.
3
Suppose -4*f = -2*y - 0*f + 32, 4*f + 44 = 3*y. What is the greatest common factor of 276 and y?
12
Suppose 4*v - 228 = -4*p, -2*p + 29 = 4*v - 193. Suppose o + 3 - 28 = -f, -23 = -o - 2*f. What is the greatest common divisor of v and o?
27
Suppose p = m + 47, -153 = -4*p - 0*m - 3*m. Calculate the greatest common factor of p and 30.
6
Let q be (-4)/(-50)*5 - 2136/(-60). Calculate the highest common divisor of 9 and q.
9
Let v be 345/(-60) + 6/8. Let o be 42 + (v + 5 - 2). What is the greatest common divisor of o and 280?
40
Let l(o) = 2*o**2 - 34*o + 162. Let c be l(8). Let m(a) = -a**2 + 6*a + 6. Let u be m(6). Calculate the highest common factor of u and c.
6
Let i = -72 - -118. Let p = -144 + 259. Calculate the highest common factor of i and p.
23
Let t = 364 + -143. What is the highest common factor of 17 and t?
17
Let m = 32 + -22. Suppose -229*b = -335*b + 212. What is the highest common divisor of m and b?
2
Suppose 4 + 16 = 2*i. Let z = -1744 + 1814. What is the greatest common factor of z and i?
10
Let q be (627/(-22))/((-1)/2). Calculate the greatest common divisor of 304 and q.
19
Let s be (0/1)/(1/1). Suppose 0*r - 4*r + 20 = s. Suppose r*m - 3*a = 105, -5*m - a + 6*a = -95. Calculate the greatest common divisor of 6 and m.
6
Let q = -514 - -582. Calculate the greatest common divisor of 4 and q.
4
Suppose -y - 11 = -16. Let q(m) = 23*m - 4. Let i be q(y). Calculate the highest common factor of i and 74.
37
Suppose 2*q - 3*w - 252 = -61, 0 = 5*q - w - 445. What is the greatest common factor of q and 24?
8
Let t be -2*1/2*456. Let q(m) = 2*m**2 - 55*m + 30. Let v be q(27). Let i be ((-1)/2)/(v/t). What is the highest common divisor of i and 19?
19
Suppose 5*a - 101 = 9. Calculate the greatest common divisor of a and 88.
22
Let o be (-4)/(2/(-174)*3). Suppose -4*l + 80 + o = 0. What is the highest common divisor of l and 7?
7
Suppose 0 = 5*l - 0*q - q - 16, 0 = 2*l - 2*q. Let r = -1235 + 1237. What is the highest common divisor of l and r?
2
Let w = -4 + 12. Let j be 1 - 198/(-4) - (-4)/(-8). Let n = j - 10. Calculate the highest common factor of n and w.
8
Let k = 13 + -6. Suppose 68 = 3*a + 4*m, 5*a + m = 2*a + 71. Let l = a - -32. Calculate the greatest common factor of k and l.
7
Let v(y) = 4*y**2 + 135*y + 5. Let n be v(-34). Calculate the greatest common divisor of 6 and n.
3
Let x(f) = -2*f - 7. Let h be x(-5). Suppose 185 - 25 = y + 4*b, 5*y - 708 = h*b. Suppose 3*q - 22 = 26. Calculate the highest common factor of y and q.
16
Suppose 5*p + 2*n = 463, -2*p - n + 92 = -p. Let x be 6/(-4) - (-162)/36. Suppose -48 = x*c - 141. What is the greatest common factor of p and c?
31
Let o(c) = -c + 4. Let h be o(-6). Let r(i) = -2*i**2 - 19*i - 12. Let j be r(-6). What is the highest common divisor of j and h?
10
Let k(z) = z**3 - 5*z**2 - 9*z + 48. Let s be k(5). What is the greatest common factor of s and 21?
3
Let j be (2/8)/((-84)/(-80) + -1). Suppose -l - 3*l + 12 = 0, -i + 3*l = -j. Calculate the greatest common divisor of 21 and i.
7
Let g be 37/7 + -4 + (-182)/(-49). Suppose 2*v - 430 = -g*d + 6*v, -d = -v - 85. What is the highest common divisor of d and 15?
15
Suppose -3*t = 2*f - 100 - 1288, t - 464 = -2*f. What is the highest common divisor of 7 and t?
7
Suppose 2*a - 620 - 260 = -2*i, 0 = 4*i - 5*a - 1733. What is the greatest common factor of i and 46?
23
Let u(s) = s**3 - 6*s**2 - 11*s + 9. Let c be u(7). Let o(n) = -n - 14. Let j be o(c). Calculate the greatest common factor of 25 and j.
5
Let k = -31 - -34. Let j be (49 - k)*(-2)/(-4). What is the greatest common factor of 207 and j?
23
Suppose -46*h - 74 = -4*q - 44*h, -2*q + 38 = -2*h. Let k = -1 + 10. What is the highest common divisor of q and k?
9
Let c(o) = -3*o**3 + 2*o**2 + 7*o + 4. Let u be c(-3). Calculate the highest common factor of 205 and u.
41
Let h(l) = 71*l + 1. Let x be h(1). Let i(d) = 19 + d**2 + 5*d**2 - 2*d**2 - 5*d**2 + 9*d. Let r be i(10). What is the highest common divisor of x and r?
9
Suppose 5*v - 58 = 2*i, i + 59 = 7*v - 2*v. What is the highest common divisor of v and 1092?
12
Suppose -7 = -3*r - 1. Suppose -3*g + 6*g = -0*g. Suppose r*z + 2*z - 200 = g. What is the highest common factor of 20 and z?
10
Suppose 2*w = 2*d + 232, w + 3*w - 583 = 5*d. Let l = 218 + d. Let v(n) = -n**3 + n**2 + n - 1. Let o be v(-2). What is the greatest common factor of o and l?
9
Let r be (3 - 10 - -1)*(-2)/3. Let k be 10/r - (-19)/2. Calculate the highest common factor of 20 and k.
4
Suppose 0*d + 6*d + 264 = 0. Let t be d/(-24)*7 + (-4)/(-24). What is the greatest common factor of t and 52?
13
Let l = 78 - 78. Suppose -2*s + 41 - 1 = l. Calculate the greatest common divisor of s and 80.
20
Suppose -2*t = -s + 3*t - 5, 5*s - 5*t = -85. Let a be s/(-35) - 188/(-14). What is the highest common divisor of a and 14?
14
Let k(y) = y**2 - 1. Let o be k(2). Suppose 51 = o*m + 2*m - 4*r, 3*m - r - 25 = 0. Suppose -m = -3*g + 5. Calculate the greatest common factor of 4 and g.
4
Suppose -527*i - 3*x - 120 = -529*i, 154 = 3*i + 2*x. Suppose k + 5*o = 26, -3*k = k - 3*o - 150. Calculate the greatest common divisor of i and k.
18
Let s(f) = 252*f + 364. Let z be s(5). What is the highest common divisor of z and 28?
28
Suppose 5*q + 3 = 3*u + 7, 5*u = 3*q + 4. Suppose -u*i + 72 = 2*n, -i = 2*n - 5*n - 32. What is the greatest common factor of i and 14?
7
Let c(k) = -k - 7. Let b be c(-24). What is the greatest common divisor of b and 1819?
17
Suppose -2*z + 5*i = -22, -5*i + 8 - 29 = -z. Let g(a) = -a**3 - a**2 + 2*a - 1. Let p be g(-3). Calculate the highest common divisor of z and p.
1
Let v(y) = 2*y**3 + 11*y**2 - 15*y - 48. Let o be v(-6). What is the highest common divisor of o and 52?
2
Let p be (3/(-5))/(18/(-3750)). Suppose 23 = r - 27. Calculate the greatest common factor of p and r.
25
Let f(t) = t**3 + t**2 + 2*t + 432. Let w be f(0). Calculate the greatest common divisor of 288 and w.
144
Suppose 0 = -32*k + 28*k + 120. Calculate the greatest common factor of 20 and k.
10
Let t be -3*(-112)/60 + (-3)/5. Let r(n) = -n**2 - 6*n + 3. Let c be r(-3). Let l = c + -11. What is the greatest common divisor of t and l?
1
Suppose 2*k - 18*l = -22*l + 72, -3*k = 3*l - 108. Suppose 0 = -4*r + 13 + 3. Calculate the greatest common factor of r and k.
4
Let z(w) = -2*w - 21. Let h be z(-15). Let t be 966/27 - (-2)/